hest common divisor of d and 350?
25
Let i = 8201 - 8123. Calculate the greatest common divisor of 1027 and i.
13
Let o be -100*((-1350)/(-40))/(-15). Calculate the greatest common factor of 45 and o.
45
Let c(y) = 2*y**3 + 55*y**2 + 157*y + 12. Let f be c(-23). What is the highest common factor of f and 14?
14
Let d(l) = 5*l**2 + 49*l - 1222. Let n be d(19). Calculate the greatest common factor of 2 and n.
2
Let t = -7665 - -11055. Calculate the greatest common divisor of t and 150.
30
Suppose 0 = -9*k - 28*k + 11*k + 71370. Calculate the highest common factor of 18 and k.
9
Suppose 11*k + 950 = -6024. Let c = k - -907. Calculate the highest common factor of c and 63.
21
Let c = 312 - 291. Suppose -c*w = -6*w - 630. Calculate the highest common factor of w and 168.
42
Let a(g) = g + 3. Let l be a(0). Let t = l - 1. Suppose -87*s - 10*s + 226 = 12*s + 4*s. Calculate the highest common divisor of s and t.
2
Let h = -4 + 88. Suppose k = -0*k + h. Suppose -5*f = 4*i - k, -i = 3*i + f - 84. What is the highest common factor of i and 147?
21
Suppose -107 = -5*m - 2*i, -10*i + 68 = 3*m - 5*i. What is the highest common factor of m and 219?
3
Let l = -176 - -380. Let a be (l/16)/((-3)/(-4)). Let f be (-169)/(-5) + (15/5)/15. What is the highest common factor of f and a?
17
Suppose 0 = -v - 2*y + 2130, -v - 4*y = -1941 - 203. What is the highest common factor of 4 and v?
4
Let j = -4834 + 5044. Calculate the greatest common factor of j and 1440.
30
Suppose -161*a - 344 = -2*g - 156*a, 2*g + 5*a = 384. Let n = -14 - -28. What is the greatest common divisor of n and g?
14
Let i be 24/(2 + -9 - (24 - 33)). What is the highest common divisor of i and 24276?
12
Let i be (-914)/(-26) - 130/338*(-4)/(-10). What is the greatest common divisor of 2240 and i?
35
Let w = -15125 + 15225. Calculate the highest common factor of 356 and w.
4
Let b(l) = -49 + 11 + 14 - 23*l + 17 + 42*l. Let o be 7/3 - (-2)/3. Let j be b(o). What is the highest common factor of j and 10?
10
Let d(f) = 5*f**2 - 16*f - 18. Let h be d(-1). Suppose -3*r = -5*r + 72. Let q = r - 12. Calculate the highest common factor of q and h.
3
Let i(b) = 6*b**3 + 33*b**2 + 9*b + 6. Let u be i(-5). What is the greatest common factor of u and 788?
4
Suppose 0 = 2*u + u - 120. Suppose 5*r - r + 804 = 0. Let k = -185 - r. What is the highest common factor of k and u?
8
Let v(y) = -y - 11. Let q be v(-15). Suppose 5*x - 18 + 6 = -3*s, q*x - 13 = s. Suppose 0 = x*u - 0*u - 30. Calculate the highest common divisor of 15 and u.
5
Let z be (-602)/(-12) - (-25)/(-150). What is the highest common factor of 350 and z?
50
Let m be (-3*(-6)/9)/(13/494). What is the highest common factor of m and 266?
38
Suppose -2*j = 5*m - 19, -3*m + 17 = 4*j - 0*j. Let r = -68 + 71. Suppose t = r*t - 2. What is the highest common divisor of m and t?
1
Let z(a) = a**2 - 32*a + 81. Let s be z(33). Calculate the greatest common factor of 1786 and s.
38
Let a(u) = -303*u - 4232. Let i be a(-14). Suppose k - 4*w = -0*k + 94, 0 = -2*k + w + 216. Calculate the highest common divisor of i and k.
10
Suppose 5*h + 76 = -3*r, 0*h - 116 = 4*r + 3*h. Let j = 33 + r. Suppose 5*d = -16 + j, -d = s - 75. Calculate the greatest common factor of 26 and s.
26
Let k be (-2 - -2 - 192)/(26 - 27). Let s be 2*(-3)/2 + k. Let m be (-9)/(-3) - (-16 - 2). Calculate the highest common divisor of s and m.
21
Let a = -6383 - -6463. Suppose 0 = -4*k + 5*k - 120. What is the greatest common factor of a and k?
40
Let q be 3 - (44/(-77) + 3/(-7)). Suppose -6*o + 6860 = q*o. What is the greatest common factor of o and 14?
14
Let d = 227 - -228. Suppose -140 = 3*r - d. What is the greatest common factor of r and 63?
21
Let r(q) = 0*q**3 - 2*q - q**3 - 2 - q**3 + 3*q**3 + 17*q**2. Let h be (-49)/3 + 60/(-90). Let c be r(h). What is the highest common divisor of 8 and c?
8
Suppose 0 = -v - 41 + 43. Let a be -17 + 17 + 42 + v. What is the highest common divisor of 88 and a?
44
Let r = 2845 + -2740. Calculate the greatest common factor of r and 70.
35
Let y(c) = 117*c + 342. Let s be y(2). Calculate the highest common factor of s and 243.
9
Let c(d) be the third derivative of d**6/120 + d**5/6 + d**4/24 + 6*d**3 - 235*d**2. Let x be c(-9). What is the highest common divisor of x and 189?
27
Let j = 1367 + -1312. Calculate the greatest common divisor of j and 10.
5
Suppose -4*m - 90 = -3*u + u, -57 = 3*m - 5*u. Let o be ((-4)/6)/(16/m). Let n be 2/o - (-44)/(-1 + 3). Calculate the highest common divisor of n and 24.
24
Suppose 4686 = -58*a - 42*a + 198586. Calculate the greatest common factor of 7 and a.
7
Let u be (-4 + (-13)/(-4))*4. Let g be (-41 + 2)*1*u. Let n(a) = -27*a**3 - 8*a**2 - 4*a + 3. Let i be n(-1). Calculate the highest common factor of g and i.
13
Let r(o) = 26*o + 9. Let z(h) = 5*h + 2. Suppose 9*l - 33 = 6*l. Let p(t) = l*z(t) - 2*r(t). Let y be p(0). What is the greatest common factor of 16 and y?
4
Suppose -k = -i + 1404, -34*i + 2*k = -30*i - 5602. Calculate the greatest common factor of 319 and i.
11
Let d be (-1 + -1)*350/(-28). Calculate the highest common factor of 100 and d.
25
Let q = 678 + 2934. Calculate the greatest common factor of q and 3.
3
Let z(q) = 5*q**2 + 2. Let w = -97 - -98. Let a be z(w). Let h be (7 - (6 + -3)) + 3. What is the greatest common divisor of a and h?
7
Let v(t) = 302*t - 114. Let p be v(14). Suppose 0 = -20*x - 2*x + p. What is the highest common factor of x and 11?
11
Let n be 176 - (0 - (-1 + 5)). Suppose -20*h - n = -35*h. What is the highest common factor of 48 and h?
12
Let t be 45/75 - (-21)/15. Let j be (-3)/(-1) - (-56 - (t - 5)). Let p(o) = 140*o. Let x be p(1). What is the greatest common factor of j and x?
28
Let x = -11200 + 11219. Suppose 2*c - 89 = 633. What is the greatest common factor of x and c?
19
Let g(u) = -3*u**2 + 12*u - 45. Let c be g(-14). Let o = c - -856. Calculate the greatest common divisor of 330 and o.
55
Let s be (-90)/(-2 + 20 + -19). Let k(v) = v**3 + v**2 + 3*v - 3. Let j be k(2). What is the highest common factor of s and j?
15
Suppose 4*h = 5*h - 5. Suppose w = -h*w + 30. Suppose 0*x = w*x - 1125. What is the greatest common divisor of 45 and x?
45
Let f(c) = -36*c + 116. Let d be f(3). Calculate the highest common divisor of d and 2168.
8
Let f = 12580 - 6832. What is the greatest common divisor of f and 12?
12
Suppose -g - 70 = -2*y - 18, -2*y + 32 = 4*g. Suppose 4*t - 5*a - 62 - y = 0, -94 = -4*t + a. What is the greatest common divisor of t and 312?
24
Let t be 342/66 + 70/(-22) + 3. Suppose -41 - 99 = -t*a. Calculate the greatest common factor of 98 and a.
14
Let u = 249 - 249. Suppose 20 = -5*z, -2*z - 9 = -u*m - m. Calculate the greatest common factor of 5 and m.
1
Suppose 5086 + 6877 = 2*x - g, 2*x - 5*g = 11935. Calculate the greatest common divisor of x and 342.
171
Let c be (-1)/(-1)*29 - -1. Let x be (-15)/(-6) + -2 + 534/12 - -5. Calculate the greatest common factor of c and x.
10
Suppose 1209*c - 1182*c - 81 = 0. What is the highest common factor of c and 107?
1
Suppose 197 + 403 = 20*n. What is the greatest common factor of 2745 and n?
15
Let v(c) = 12*c**3 + 2*c**2 + c - 2. Let l be v(1). Let i = 23 + 29. What is the highest common divisor of i and l?
13
Suppose -f + 4 = -3*s + 13, 4*f - 5*s + 1 = 0. Suppose 458*v - 5135 = 25093. What is the greatest common divisor of f and v?
6
Suppose 4*d + 4 = 2*p + 18, 0 = 2*p + 5*d - 31. Suppose 29*u - 543 = -543. Let i be p + u - (-165)/11. Calculate the greatest common factor of i and 144.
18
Let y = 1831 - 1811. Let c be -15*14/(-9)*12. What is the highest common factor of c and y?
20
Let c be -5 - (3*1 + 19*(18 + -19)). Let n be 11*(2 + -4)/(-2). What is the highest common factor of n and c?
11
Let d be 17 + 0 + (18/(-10) - (-432)/(-360)). What is the greatest common factor of d and 2653?
7
Let t be 4 - (285 + 5 - 1). Let b = t - -402. Let c be 3328/b + 4/(-9). What is the greatest common divisor of 21 and c?
7
Let b(i) be the third derivative of -i**4/8 + 34*i**3/3 + 27*i**2. Let s be b(10). Calculate the greatest common divisor of 133 and s.
19
Suppose 32*t - 112 = 48. Let r = 47 + -42. What is the highest common factor of r and t?
5
Let k be 30/(-1 - 3/(-2)). Suppose -32156 - 10544 = 274*j - 701*j. Calculate the